he prime factors of 171018472?
2, 21377309
What are the prime factors of 5622779030?
2, 5, 11, 51116173
List the prime factors of 285828482.
2, 43, 197, 16871
List the prime factors of 8667159343.
8667159343
What are the prime factors of 3009250661?
101, 29794561
List the prime factors of 188535107.
197, 957031
What are the prime factors of 35541802?
2, 73, 243437
What are the prime factors of 552039983?
11, 109, 460417
List the prime factors of 78073262.
2, 39036631
What are the prime factors of 16616535?
3, 5, 13, 85213
List the prime factors of 5243778206.
2, 2621889103
List the prime factors of 501109664.
2, 11, 1423607
List the prime factors of 3945136123.
5791, 681253
What are the prime factors of 281657493?
3, 13, 267481
List the prime factors of 4000460541.
3, 7, 11, 23, 431, 1747
What are the prime factors of 5765008?
2, 31, 59, 197
What are the prime factors of 165716104?
2, 23, 167, 5393
What are the prime factors of 2083180610?
2, 5, 7, 23, 184843
List the prime factors of 71942937.
3, 11, 2180089
List the prime factors of 53471229.
3, 7, 79, 167, 193
What are the prime factors of 66542617?
19, 29, 120767
List the prime factors of 2732831793.
3, 303647977
List the prime factors of 252578726.
2, 126289363
What are the prime factors of 363409775?
5, 23, 27479
List the prime factors of 47286020.
2, 5, 2364301
List the prime factors of 47132063.
11, 677, 6329
List the prime factors of 92590159.
109, 659, 1289
What are the prime factors of 4735287638?
2, 2367643819
List the prime factors of 1608499821.
3, 31, 797, 21701
What are the prime factors of 431218786?
2, 491, 439123
List the prime factors of 396839705.
5, 383, 207227
List the prime factors of 56032038.
2, 3, 61, 51031
List the prime factors of 111747530.
2, 5, 223, 50111
List the prime factors of 171923790.
2, 3, 5, 5730793
What are the prime factors of 3246916544?
2, 127, 399473
List the prime factors of 5829113.
17, 342889
What are the prime factors of 31335275?
5, 19, 41, 1609
What are the prime factors of 552450384?
2, 3, 19, 201919
What are the prime factors of 265470353?
61, 467, 9319
List the prime factors of 1981990670.
2, 5, 11, 101, 178397
List the prime factors of 50640000.
2, 3, 5, 211
List the prime factors of 510255660.
2, 3, 5, 31, 41, 6691
What are the prime factors of 48935974?
2, 24467987
What are the prime factors of 642950754?
2, 3, 107158459
What are the prime factors of 128374358?
2, 7, 29, 316193
List the prime factors of 1170692746.
2, 17569, 33317
List the prime factors of 908922189.
3, 7, 4603, 9403
What are the prime factors of 59456215?
5, 7, 13, 149, 877
What are the prime factors of 41582828?
2, 7, 1485101
What are the prime factors of 38083820?
2, 5, 1904191
What are the prime factors of 39179009?
31, 59, 691
List the prime factors of 5628834490.
2, 5, 7211, 78059
What are the prime factors of 357585272?
2, 11, 41, 99109
List the prime factors of 28633295.
5, 29, 181, 1091
What are the prime factors of 390603191?
11, 37, 61, 15733
What are the prime factors of 412009826?
2, 709, 290557
What are the prime factors of 827955357?
3, 23, 157, 3323
List the prime factors of 858166223.
6991, 122753
List the prime factors of 178117477.
178117477
What are the prime factors of 3068443141?
463, 1973, 3359
What are the prime factors of 207470954?
2, 103735477
What are the prime factors of 195194193?
3, 65064731
List the prime factors of 146655770.
2, 5, 17, 41, 53, 397
List the prime factors of 184843723.
19, 9728617
What are the prime factors of 72688250?
2, 5, 479, 607
What are the prime factors of 19757075?
5, 13, 31, 37, 53
What are the prime factors of 52185693?
3, 7, 2485033
What are the prime factors of 62333859?
3, 7, 2968279
List the prime factors of 320045545.
5, 2113, 30293
What are the prime factors of 975769974?
2, 3, 54209443
What are the prime factors of 1499356543?
389, 3854387
What are the prime factors of 37818315?
3, 5, 47, 17881
List the prime factors of 198809504.
2, 79, 78643
List the prime factors of 189757493.
189757493
List the prime factors of 33856461.
3, 19, 7333
What are the prime factors of 982701881?
7, 17, 1297, 6367
What are the prime factors of 3747587707?
3747587707
What are the prime factors of 2922127863?
3, 977, 996973
What are the prime factors of 205467109?
113, 1818293
What are the prime factors of 432890085?
3, 5, 28859339
List the prime factors of 40850098.
2, 20425049
List the prime factors of 1404178287.
3, 43, 73, 149111
What are the prime factors of 96163623?
3, 29, 368443
List the prime factors of 36569092.
2, 7, 43, 4339
List the prime factors of 403457917.
41, 47, 209371
List the prime factors of 1677775295.
5, 7, 131, 137, 2671
What are the prime factors of 369575172?
2, 3, 17, 603881
What are the prime factors of 1636631052?
2, 3, 7, 347, 56149
What are the prime factors of 2212956856?
2, 11, 439, 57283
List the prime factors of 39111025.
5, 19, 82339
List the prime factors of 145868715.
3, 5, 67, 16127
List the prime factors of 2048312922.
2, 3, 47, 154543
List the prime factors of 554562183.
3, 7, 26407723
What are the prime factors of 1003251637?
2711, 370067
What are the prime factors of 134125168?
2, 8382823
List the prime factors of 2454489702.
2, 3, 7, 2164453
List the prime factors of 1195200013.
7, 71, 343547
List the prime factors of 176319855.
3, 5, 29, 1553
List the prime factors of 311339233.
47, 73, 103, 881
What are the prime factors of 163078177?
3847, 42391
What are the prime factors of 816478422?
2, 3, 761, 178817
What are the prime factors of 241102023?
3, 80367341
List the prime factors of 36596871.
3, 53, 73, 1051
List the prime factors of 215280368.
2, 23, 31, 113, 167
What are the prime factors of 14289140?
2, 5, 19, 31, 1213
List the prime factors of 38648371.
673, 57427
List the prime factors of 5883104008.
2, 61, 1453, 8297
What are the prime factors of 31183029?
3, 1154927
List the prime factors of 26787124.
2, 7, 13, 10513
What are the prime factors of 16116585?
3, 5, 149, 7211
What are the prime factors of 273908767?
11, 487, 51131
What are the prime factors of 228410322?
2, 3, 7, 29, 277, 677
List the prime factors of 138563059.
2767, 50077
What are the prime factors of 132504635?
5, 1229, 21563
List the prime factors of 88742232.
2, 3, 1232531
What are the prime factors of 880077494?
2, 8761, 50227
What are the prime factors of 4320796414?
2, 11, 577, 340381
List the prime factors of 141515650.
2, 5, 17, 29, 5741
What are the prime factors of 990602335?
5, 19, 73, 142841
List the prime factors of 284055275.
5, 7, 1623173
What are the prime factors of 868311111?
3, 23, 12584219
What are the prime factors of 5240332?
2, 1310083
List the prime factors of 2146442468.
2, 4483, 119699
List the prime factors of 290785516.
2, 7, 37, 280681
What are the prime factors of 6356230053?
3, 2118743351
What are the prime factors of 399207863?
31, 127, 101399
What are the prime factors of 2140727796?
2, 3, 19, 37, 251, 337
What are the prime factors of 161063120?
2, 5, 2013289
List the prime factors of 1367721662.
2, 683860831
What are the prime factors of 5383852036?
2, 173, 7780133
List the prime factors of 702726878.
2, 7, 4813, 10429
What are the prime factors of 697681738?
2, 13, 2441, 10993
List the prime factors of 1492484824.
2, 186560603
What are the prime factors of 40738054?
2, 7, 193, 15077
What are the prime factors of 694498133?
7, 23, 4313653
List the prime factors of 224815155.
3, 5, 14987677
What are the prime factors of 71062233?
3, 11, 2153401
What are the prime factors of 180386829?
3, 7, 2863283
What are the prime factors of 14141874?
2, 3, 61, 38639
What are the prime factors of 528900312?
2, 3, 4363, 5051
List the prime factors of 249031637.
9319, 26723
List the prime factors of 45805157.
17, 2694421
List the prime factors of 265819589.
7, 37974227
List the prime factors of 210142393.
1327, 158359
List the prime factors of 219277010.
2, 5, 1151, 19051
List the prime factors of 2602269521.
739, 1213, 2903
What are the prime factors of 68031418?
2, 7, 13, 43, 8693
List the prime factors of 197764257.
3, 61, 1080679
What are the prime factors of 56014468?
2, 331, 42307
What are the prime factors of 66981870?
2, 3, 5, 17, 14593
List the prime factors of 2063257677.
3, 13